- (0 - -2 - 36).
20
Calculate (-57 - -10) + 163 + -148.
-32
Calculate (14 - (100 + -114 - (3 + 1))) + -12.
20
What is -17 - (40 - 49 - -25)?
-33
(-56 - -119) + (-8 - -4 - -7 - -5)
71
Evaluate 222 + -197 + -95 + -5 - -27.
-48
-10 + -18 + 2 + 32 + 0 - 3
3
Evaluate (25 + -20 - (-6 - -16 - 0)) + -12.
-17
What is -39 + (120 - -27) + -53?
55
-10 + -19 + -1 + 13 + -207 + 193
-31
Calculate -13 + 13 + 6 + 45 - (2 - 22).
71
Evaluate -20 + (12 + -2 - 12) + 2 + 48.
28
What is the value of (61 - (3 + 42 - 22)) + 16?
54
Calculate (160 - (1 + -2)) + 416 + -23 + -418.
136
What is the value of 29 + 41 + -33 - -17?
54
What is 18 + -26 + 36 + (10 + -14 - -10)?
34
Evaluate -43 + -21 + -19 + (-2 - -18).
-67
What is (131 - (80 - (102 - 64))) + 1 + 0 + 0?
90
Evaluate -24 + 57 + -22 + -14 - -30.
27
(14 + -14 - (-8 - 0) - (-4 - -2)) + 4
14
What is (28 - 25) + -9 - -16 - (1 - 11)?
20
What is (15 - (-6 + (4 - 8))) + (2 - -6)?
33
7 + (12 - -20) + (-18 - 126)
-105
What is the value of (56 + -59 - (-32 + (-1 - -3))) + 6?
33
-81 - -89 - (0 - -23) - -28
13
What is the value of 20 + -17 - 63 - (-10 - 5)?
-45
Calculate -11 - 123 - (-451 - -398).
-81
Evaluate -15 + 61 + -15 - 6.
25
Calculate 4 + -28 + 18 + 20 + -10 + -20.
-16
(0 - -9 - (-5 + 4)) + (14454 - 14467)
-3
What is 2 + -123 - (2048 - 2246)?
77
What is the value of (515 + -487 - (20 + 1)) + -1 + 14?
20
What is the value of -32 + 124 - 72 - 81?
-61
What is the value of -5 + (25 - 45) + 6 + (1 - (-3 + -1))?
-14
Evaluate 18 + (-25 - -40) - -1 - 113.
-79
Calculate -33 - ((11 - -31) + -68).
-7
Evaluate 11 + 0 + -3 + (-11 + 31 - -2).
30
-23 - (86 - 105) - (-5 + 0)
1
What is -2 + (-1 - (-36 + 33) - (-2 + -1))?
3
What is the value of -35 + (-14 - -14) + (29 - (3 - -7))?
-16
What is the value of -109 + (88 - 110) + 248?
117
Calculate -83 + 43 + 26 - (-2 - 17).
5
Calculate -14 - (-20 + (-215 - -211) - (0 + -1 - -11)).
20
Calculate (-3 - 2 - 26) + (78 - 69) - (6 + 2).
-30
(126 - 5) + 3 + -152
-28
Calculate -4 + -65 + (-25 - -79) - (-58 + -1).
44
-59 - -4 - ((-37 - 20) + 49 - (-2 - 10))
-59
What is the value of 3 + -120 + 136 + -5 + 35?
49
39 - 3 - (19 - (-49 + 32 - -30))
30
Evaluate 37 + 23 + (-70 - 13).
-23
What is the value of -34 + (-100 - -117 - -127)?
110
Evaluate -96 - (-590 + 605 + 0 + -1 - 32).
-78
What is 14 + (35 - (23 + -32 + 18))?
40
What is 9 + (-1 - -2) + (-25 + 43 + -32 - 33)?
-37
(-79 + 51 - -29) + 0
1
-113 + 129 - (-2 + 6)
12
What is the value of (4 - (-8 + 6 - -37)) + -108 + 104?
-35
What is (5 - -2 - 4 - (49 + -1)) + 418 + -419?
-46
What is -44 + -5 + 106 + -21?
36
-23 + -2 + 10 + -5 + 19
-1
What is the value of -11 + 0 + -3 + (-238 - -260) - 2?
6
What is 11 - (87 + 65 + -61)?
-80
1 + 9 + 96 - ((-3 - -7) + (85 - 76))
93
What is -85 + (-5 + 3 - (23 - 19))?
-91
Calculate 13 - ((-16 - ((-16 - -5) + 0)) + (-4 - -66)).
-44
-2 + (-57 + 66 - (56 + (1 - 2))) + 6
-42
What is the value of -21 + 1 + 14 - (-12 - 36)?
42
-15 - ((-5 - -3 - 9 - -4) + -2)
-6
What is -83 - (-126 + 46) - 14?
-17
What is -31 + 35 + 1 + -2 - (0 - (52 - 2))?
53
What is -11 - (3 - -3 - 28) - (-2 + 14 + -64)?
63
(-2 - (1 - -3)) + 75 + -105 + 101 + -114
-49
What is the value of -1510 - -1530 - (0 - 1)?
21
Evaluate 7 + (-12 - (6 - 43)).
32
Evaluate -90 - (12 - 69 - -26).
-59
-100 - 2 - (7229 - 7358)
27
What is the value of 44 + 0 - (-80 - -60 - (3 - -3 - 16))?
54
Evaluate 24 + -18 + (17 + -9 - -2) + 13.
29
Evaluate -4 + (-29 - -31) + -82 + (-8 - -4).
-88
What is the value of -13 + 6 - 10 - (375 - 392)?
0
What is (-10 - 23 - (-86 - 25)) + 2?
80
-10 - 1 - (55 + -54) - (-31 - 20)
39
(3 - 1 - 3) + 94 + 87 + (-5 - 87)
88
What is the value of -16 + -1 + 70 + -67 + 19?
5
Evaluate (36 - 31) + 21 + -26.
0
Evaluate -4 + 1 - (-16 - (39 - 24 - 18) - -15).
-5
30 + -2 + (-608 - -625)
45
Evaluate -9 + (-8 - -15) - -80 - 7 - (2 + -1).
70
Calculate 35 + 40 + 73 + -227.
-79
What is the value of (-3 - -36 - -17) + -28 - (-1 + -8)?
31
Calculate -1 - -12 - (7 - (-13 - (-11 + -3))).
5
Evaluate -7098 + 7053 - (61 - (1 - 4)).
-109
-15 + (227 + -241 - (-1 + (-23 - 0)))
-5
491 + -486 + (-1 - 58) - (-12 - -3)
-45
Calculate -18 - (55 + (-31 - (-10 - 27))).
-79
What is -143 + 58 + 2 + 13 + -20?
-90
Evaluate 7 - (-74 - (40 + -61)).
60
What is the value of (5 - (14 - -6)) + (0 - -9) + 75?
69
Evaluate 16 - -1 - -1 - (23 - 24).
19
What is -34 + 43 + (6 - (12 - 21))?
24
Evaluate -69 - (-97 + 39 + -81).
70
(-46 - 1) + -1420 + 1492
25
Evaluate 8 - (-8 - -16) - (2 + -11 - 7).
16
-13 - -1 - ((70 - 9) + 2 + -23)
-52
-49 + 21 + (-17 - -1)
-44
What is -705 + 721 + 1 + 41 + -3?
55
What is the value of 38 - (87 + 36 - 71)?
-14
Evaluate (-72 + -21 - (-8 - 3 - 2)) + 0 + -2.
-82
Calculate 12 - ((-10 + 18 - 8) + (0 - -3)) - 17.
-8
What is 19 + -78 + 43 - (-41 + -1)?
26
Evaluate 144 + (-18 - 33) - 30.
63
Evaluate 17 - (31 + -13 + -26 + 28).
-3
Evaluate -28 + 9 + 21 + -76 + 31.
-43
Evaluate 87 + -75 + 5 + (6 - -21).
44
Calculate -99 - (-41 + 26 + -32).
-52
What is the value of -65 - ((-1 + 7 - (-1 + 1)) + (2447 - 2456))?
-62
-22 + 172 + -86 - 127
-63
11 + (12 + -22 - -12 - -3 - -5)
21
(6 - (11 + -2 - -7)) + (0 + 5 - 21)
-26
Calculate (-144 - -37) + 32 - (8 + (-19 - -7)).
-71
Evaluate -26252 - -26258 - (1 + 16 + 1).
-12
(0 - -39) + (-122 + 189 - 45)
61
Calculate -29 + -16 + (10 - (2 - -2)) - (-19 + 18).
-38
What is 16 + (15 + (-3 - 0) - (-368 + 379))?
17
(14 - (-6 + -11 + 14)) + -2 + 6 + 2
23
What is (-43 - (7 + 1)) + 18 + 25 - 47?
-55
4 + 15 - (-23 + -72 + 19 + 14)
81
Calculate -7 + (0 + -9 + 5 - (8 - 1)) - -8.
-10
Calculate 137 + 0 - (76 + (-7 - 50)).
118
What is (-84 - -13) + -14 - (7 - 17 - -20)?
-95
(-130 + 129 - (1 + -6)) + -16 - -2 - 11
-21
What is -7 + (4 - -5 - (4 + 2)) - -19?
15
Calculate 2 + (2 - 131) - 1 - (3931 + -3934).
-125
19 + (28 - 13) + (5 - (4 + -1 + -5))
41
9 - (7 - -82) - (690 + -680)
-90
What is (-74 - -18) + 19 - -22 - 46?
-61
What is (-36 - -11 - -70) + -31 + -3?
11
What is 74 + -32 + 70 + -195?
-83
Evaluate -67 + (-2 + 25 - -1) + 4 + -19.
-58
Evaluate 16 + (-3 - -9) + -4 - (-2 - (10 + -4)).
26
Evaluate 4 - (-14 - (14 + -22) - (4 - 0)).
14
59 + -71 + -42 + 11
-43
Evaluate -10 + 61 + -54 + -57.
-60
32 - (37 - 15 - -47)
-37
What is (-1 - (2 + -4 - -10) - (374 + -376)) + 51?
44
-67 + -33 + 63 - -59
22
-1 + (25 - -18) - 37
5
What is -13 + -20 + (68 - 13) + 14?
36
-1111 + 1060 - (-4 - 8)
-39
(5 - (17 - (-16 - -14)) - -9) + 7 + 1
3
What is the value of 12 + (18 + -28 - -4) + (-1 - 26) - -6?
-15
Evaluate (11 + 6 - -5) + -35.
-13
What is the value of 52 - (-57 - (-105 - -19))?
23
What is the value of 3 + -65 + 53 + (9 - 43)?
-43
Calculate (28 - -12) + (13 - 17) - (0 + 3).
33
What is the value of -11 + (-23 - -7) + (-6 - (9 + -6))?
-36
What is 27 + 34 + (-59 - 2) + -27?
-27
18 + -49 - -62 - 18
13
Evaluate (4 - -53) + (-9 - (-6 - (-29 + 32))).
57
-109 - -114 - ((11 - -3) + -12)
3
What is the value of -1 - -2 - (-442 - -436) - (32 + 0)?
-25
Calculate -8 - (-6 - 1 - (-7 - -3)) - -18.
13
(5372 - 5361) + 53 + -1
63
Calculate (-2 - (-8 + 7 + 15)) + 20 - -68.
72
Evaluate -18 + (-6 - (-26 - (7 - 9))).
0
Evaluate -5 - ((-13 - (-8 + 1)) + 4) - (0 - 5).
2
What is the value of (-2 + 0 - (65 + 1)) + 34167 + -34171?
-72
Calculate -8 - 0 - (4716 - 4750).
26
Calculate 4 - -74 - (-1747 - -1758).
67
Calculate (-15 - -16 - -1 - 57) + 7 + -1.
-49
What is the value of (3 - (14 - (-1 + 11) - -1)) + 27?
25
What is the value of 45 + 0 + 19 + -8 + (1 - 1)?
56
What is (-1 - (27 + -12)) + (-8 - (-22 - -7))?
-9
What is (13 - 14) + 19 - (12 + -24 - -100)?
-70
-13 + 5 + 24 + (-3 - 20)
-7
Calculate 49 + 4 + (11 - 3) + (-4 - -6).
63
Evaluate 7 + (-6 - ((3 - -14) + 12) - -6).
-22
What is (1 - (-155 - -94)) + (-25 - -1)?
38
Calculate (-20 - 74) + 115 - 139.
-118
Evaluate 55 + -2 + -54 + 7.
6
Calculate -363 + 276 - (0 + 0 - (7 - (21 + 0))).
-101
-1 - (4 + 3 + -8) - (79 - 47)
-32
What is the value of (16 - 20 - 7) + (14 - 37)?
-34
Calculate 3 + 12 + -18 + 31 + (-1 - 6).
21
Calculate -12 - (-7 + (14 + -20 - (-11 + 2)) + 1).
-9
(2 - 9 - -21) + (-19 - -11 - 2) + 5
9
Calculate -8 - ((18 - (28 + 1)) + 0).
3
(16 + -6 - (2 - -2)) + (32 - 52)
-14
What is the value of -3 - (-44 - -107) - -25 - -118?
77
-5301 + 5202 + 31 + -2
-70
Evaluate -15 + (-15 - (-5 + -6) - 16).
-35
What is (-10 - 94 - -73) + (9 - 0)?
-22
Calculate -2188